= d**3 + 4*d**2 - 3*d - 5. Calculate o(-5).
-15
Let o(v) = -v**2 - 16*v - 61. Calculate o(-7).
2
Let p(i) = 8*i - 29. Calculate p(6).
19
Let n(f) = -f**3 - 15*f**2 + 16*f + 9. Determine n(-16).
9
Let q(o) = -8*o + 143. What is q(18)?
-1
Let x(b) = -2*b**2 - 3*b + 1. What is x(-5)?
-34
Let i(z) = -41*z - 493. Calculate i(-12).
-1
Let d(f) = -f**3 - 7*f**2 - 9*f - 21. What is d(-6)?
-3
Let w(d) = d**3 - d**2 - 8*d + 10. Determine w(4).
26
Let u(v) = 2*v + 13. Determine u(-6).
1
Let s(x) = -7*x**2 - 2*x - 3. Calculate s(-1).
-8
Let v(y) = -y + 1. Give v(6).
-5
Let r(q) = -q - 7. What is r(9)?
-16
Let i(w) = w**2 + 18*w + 17. What is i(-17)?
0
Let s(y) = 3*y**2 + 16*y + 32. Give s(-2).
12
Let d(z) = -7*z - 11. Determine d(-1).
-4
Let s(r) = -r**2 + 3*r + 1. What is s(4)?
-3
Let n(b) = -b**2 - 17*b + 10. Determine n(-17).
10
Let m(a) = -a**3 - 6*a**2 - 17*a - 30. Give m(-4).
6
Let z(s) = s**3 - 3. Determine z(0).
-3
Let r(d) = -2*d + 17. Calculate r(7).
3
Let v(x) = 21*x**2 + 4*x + 4. What is v(-1)?
21
Let c(y) = -9*y**2 - 2*y - 1. Determine c(-1).
-8
Let f(x) = x**3 - 3*x**2 - x + 16. Calculate f(3).
13
Let p(a) = 8*a + 5. Determine p(4).
37
Let p(z) = 18*z**3 + 2*z - 1. Calculate p(1).
19
Let z(u) = u - 1. Give z(5).
4
Let g(t) = 2*t + 9. Determine g(0).
9
Let g(v) = v - 9. Give g(-4).
-13
Let o(m) = 2*m + 10. Determine o(-15).
-20
Let n(v) = -v**3 + 7*v**2 + 13*v - 25. What is n(8)?
15
Let y(z) = -z**3 - 10*z**2 + 59*z + 5. What is y(-14)?
-37
Let g(i) = i**2 - 12*i - 20. Determine g(12).
-20
Let p(a) = -a - 3. Determine p(13).
-16
Let i(d) = -d**2 - 16*d - 47. What is i(-13)?
-8
Let i(f) = f - 48. What is i(8)?
-40
Let d(o) = -6*o**2 - 13*o - 4. Calculate d(-3).
-19
Let t(k) = k**2 + 12*k + 2. Calculate t(0).
2
Let q(d) = -d**2 - 7*d + 3. Calculate q(-8).
-5
Let k(y) = -y**3 - 34*y**2 + 33*y - 71. Calculate k(-35).
-1
Let a(l) = -3*l**3 - 99*l**2 + l + 28. Determine a(-33).
-5
Let t(j) = -j - 12. Calculate t(-10).
-2
Let f(t) = -9*t + 4. Determine f(-3).
31
Let s(j) = -2*j**2 + 35*j + 5. What is s(18)?
-13
Let r(d) = -11*d + 76. Give r(6).
10
Let t(w) = w**3 + 5*w**2 + 4*w + 6. Determine t(-4).
6
Let f(t) = t - 29. Calculate f(0).
-29
Let z(r) = -r. Calculate z(-6).
6
Let p(n) = 3*n - 16. Determine p(4).
-4
Let p(l) = -l**3 - 4*l**2 - 7. Calculate p(-4).
-7
Let h(u) = -3*u**2 - 4*u + 4. Give h(-4).
-28
Let g(t) = t**3 - 10*t**2 - 8*t - 12. Determine g(11).
21
Let s(r) = r**3 + 7*r**2 - 3*r - 9. Give s(-6).
45
Let n(g) = -g**2 + 8*g + 8. Calculate n(7).
15
Let b(a) = a**2 + 2*a - 9. Calculate b(-8).
39
Let s(k) = -k**3 - 3*k + 30. Give s(0).
30
Let m(q) = q**3 + 4*q**2 - 3*q + 3. Calculate m(-4).
15
Let g(o) = -o**3 - 2*o. Give g(-3).
33
Let l(j) = j**3 + j**2 + 2*j - 3. What is l(2)?
13
Let x(t) = -12*t - 1. Determine x(1).
-13
Let v(c) = -c - 8. Give v(5).
-13
Let s(j) = j**2 - 3*j - 6. Calculate s(5).
4
Let q(v) = -v**3 + v**2 - v + 6. Give q(2).
0
Let g(b) = -b**3 + 4*b**2 + 7*b - 6. What is g(5)?
4
Let k(v) = -7*v + 2. Give k(-1).
9
Let o(r) = r**2 + 17*r - 60. Determine o(-20).
0
Let o(w) = w**3 + 5*w**2 - 31*w - 19. Determine o(-9).
-64
Let v(t) = t**3 - 6*t**2 + 7*t - 7. Give v(3).
-13
Let u(l) = l**2 - 7*l + 3. Calculate u(5).
-7
Let r(o) = o + 14. Determine r(-4).
10
Let w(y) = -y**2 - 5*y + 48. Give w(5).
-2
Let t(n) = n**3 + 7*n**2 + 10*n + 2. Give t(-5).
2
Let j(c) = 10*c - 45. Determine j(4).
-5
Let r(c) = -c**3 + 7*c**2 - 9*c + 21. What is r(6)?
3
Let a(o) = o**3 + 13*o**2 + 14*o - 4. Give a(-12).
-28
Let n(i) = -9*i + 5. What is n(2)?
-13
Let j(n) = 3*n**2 + 6*n + 4. Give j(-1).
1
Let c(x) = -12*x**3 + x**2. Calculate c(-1).
13
Let i(o) = -o**2 - 2*o - 6. Determine i(-4).
-14
Let q(p) = -2*p**3 - 51*p**2 + 31*p + 39. Give q(-26).
-91
Let q(p) = p**3 - 6*p**2 + 2*p + 12. Give q(5).
-3
Let z(s) = -s + 9. Give z(-6).
15
Let t(x) = 2*x + 13. Give t(-4).
5
Let r(d) = -d**3 + 7*d**2 - 6. Determine r(7).
-6
Let m(l) = 7*l + 11. Give m(-3).
-10
Let r(g) = 8*g - 26. Determine r(5).
14
Let m(b) = -b**2 - 3*b + 3. Calculate m(-3).
3
Let s(d) = d. Calculate s(4).
4
Let r(o) = -o**2 - 10*o + 10. Determine r(-10).
10
Let m(h) = h**2 - 14*h - 13. Determine m(15).
2
Let x(r) = -r**2 + 14*r - 32. Calculate x(3).
1
Let s(w) = -w - 11. Determine s(-15).
4
Let h(q) = q**2 + 9*q - 10. What is h(-9)?
-10
Let l(y) = -23*y - 38. What is l(5)?
-153
Let c(s) = s**3 + 5*s**2 - 9*s + 10. Give c(-7).
-25
Let w(m) = -8*m. What is w(-3)?
24
Let i(h) = h**2 + 4*h - 10. Calculate i(-7).
11
Let u(x) = -70*x + 559. Give u(8).
-1
Let v(j) = 23*j - 225. Give v(10).
5
Let y(l) = l**3 - 9*l**2 + 9*l + 7. Give y(9).
88
Let s(q) = -17*q - 23. Give s(-4).
45
Let r(v) = -v**2 + 5*v - 15. Give r(2).
-9
Let t(a) = 10*a - 2. Give t(6).
58
Let y(u) = -u**3 + u**2 + 3*u - 12. Give y(0).
-12
Let u(d) = d**2 + 4*d + 7. Determine u(-4).
7
Let g(a) = -7*a**2 - a - 6. What is g(-3)?
-66
Let w(v) = -v**2 + 10*v + 10. Give w(8).
26
Let r(o) = 87*o - 1486. Calculate r(17).
-7
Let z(u) = u**3 + 3*u**2 - 6*u + 7. What is z(-5)?
-13
Let a(c) = c**3 - 7*c**2 - c + 6. Calculate a(6).
-36
Let i(j) = j**3 + 5*j**2 - 6*j + 1. Give i(-6).
1
Let h(a) = -a**3 - 7*a**2 + 9*a + 1. What is h(-8)?
-7
Let v(r) = -r**3 - 11*r**2 - 8*r + 6. What is v(-10)?
-14
Let b(o) = -5*o**2 + 84*o + 9. Determine b(17).
-8
Let g(d) = -d**3 + 4*d**2 - 2*d - 4. Calculate g(3).
-1
Let y(m) = 3*m**2 - 7*m + 3. Calculate y(6).
69
Let j(x) = x**3 - 8*x**2 + 10*x - 17. Calculate j(7).
4
Let m(k) = -k**3 + 12*k**2 - 11*k + 2. Give m(11).
2
Let l(v) = 36*v - 1. What is l(-3)?
-109
Let f(b) = -b**3 + 27*b**2 + b + 24. Determine f(27).
51
Let i(r) = r**3 - 2*r**2 - r + 1. Calculate i(1).
-1
Let y(q) = 2*q - 15. What is y(5)?
-5
Let v(b) = -29*b + 199. Give v(7).
-4
Let h(c) = 14*c - 97. Calculate h(6).
-13
Let f(y) = y**3 + 14*y**2 - 14*y - 28. Calculate f(-15).
-43
Let v(a) = 2*a - 1. Determine v(-1).
-3
Let d(k) = -2*k**3 + 4*k**2 - 2*k - 4. What is d(2)?
-8
Let k(f) = -f**3 + 6*f**2 + 5*f - 6. Calculate k(5).
44
Let i(y) = -y**3 - 21*y**2 + 23*y + 33. Give i(-22).
11
Let w(q) = 2*q**3 + 16*q**2 - 7*q - 52. Calculate w(-8).
4
Let o(n) = -n + 26. Determine o(-17).
43
Let r(d) = d**2 + 13*d + 10. What is r(-13)?
10
Let n(l) = -l**2 - 12*l + 84. Determine n(-17).
-1
Let t(x) = -x**2 - 3*x - 5. Give t(-4).
-9
Let c(d) = -d**3 + 10*d**2 - 11*d + 3. Give c(8).
43
Let a(k) = -k - 4. Give a(4).
-8
Let c(d) = 3*d**3 - 3*d + 2. Determine c(2).
20
Let b(t) = 2*t**2 - 3. Calculate b(3).
15
Let i(o) = 2*o**2 - 15*o - 3. Determine i(9).
24
Let l(h) = -8*h**2 - 6*h - 7. What is l(-1)?
-9
Let r(y) = y**2 - 7*y + 3. Calculate r(7).
3
Let v(o) = -o**2 + 32*o - 23. Determine v(31).
8
Let i(a) = -a**3 - 5*a**2 + a + 9. Determine i(-5).
4
Let n(o) = o**3 + 2*o**2 + 14*o + 40. What is n(-3)?
-11
Let z(p) = 2*p**2 - p - 4. Determine z(-2).
6
Let g(v) = v**3 + 18*v**2 - 5. What is g(-18)?
-5
Let b(k) = k**2 + 13*k + 37. Give b(-8).
-3
Let t(w) = -3*w - 2. Calculate t(13).
-41
Let r(p) = -6*p**2 - 54*p - 3. Determine r(-7).
81
Let x(a) = a**3 - 17*a**2 - 38*a - 3. Calculate x(19).
-3
Let w(h) = -h**2 + 36*h - 180. Give w(30).
0
Let o(a) = a**3 + 25*a**2 - 25*a + 20. What is o(-26)?
-6
Let n(t) = t**3 + t + 1. Give n(0).
1
Let f(i) = -2*i**3 - 8*i**2 + i - 19. What is f(-4)?
-23
Let o(d) = -17*d - 520. What is o(-31)?
7
Let v(o) = -4*o - 22. What is v(-8)?
10
Let m(h) = 2*h**2 - 13*h - 56. Calculate m(9).
-11
Let c(z) = -z**3 + 3*z + 2. Give c(0).
2
Let n(f) = -f**2 - 10*f + 25. What is n(-5)?
50
Let x(r) = 2*r + 7. Determine x(-3).
1
Let i(d) = 23*d**2 - 620*d - 29. Give i(27).
-2
Let d(i) = -i**2 + 11*i - 6. Calculate d(5).
24
Let r(f) = 5*f**2 - 3*f - 9. What is r(-3)?
45
Let p(i) = i**3 - 8*i**2 + 7*i - 6. Give p(7).
-6
Let m(n) = -n**2 - 11*n + 1. What is m(-11)?
1
Let p(g) = 7*g - 4. Give p(2).
10
Let n(i) = -6*i + 107. Calculate n(17).
5
Let l(v) = 2*v**2 + 10*v + 3. Calculate l(-5).
3
Let h(c) = c**3 - 5*c**2 + 5*c - 13. Determine h(4).
-9
Let r(z) = z**3 - 7*z**2 + 7. Give r(7).
7
Let g(n) = 13*n - 4. Give g(3).
35
Let i(c) = -c**3 + c**2 - 2. Calculate i(2).
-6
Let n(u) = u**2 + 15*u + 56. Give n(-11).
12
Let k(b) = b**3 - 4*b**2 - 13*b - 1. Determine k(6).
-7
Let q(w) = -w**3 + 17*w**2 - 3*w - 31. What is q(17)?
-82
Let u(z) = -2*z**